 -2 - 7 + a - i. What is the units digit of y(5)?
4
Let u be (4 + 0)/(4 + -2). Let r = u - 5. Let m(l) = 3*l**2 + 2*l + 2. What is the units digit of m(r)?
3
Let w(c) = -35*c + 6. Let a be w(-2). What is the units digit of (-2)/(-2)*(a + 24/(-6))?
2
Suppose -6*r - 1340 = -16*r. What is the hundreds digit of r?
1
Let q(x) = x**2 + 12*x - 18. Let a be q(-14). Let b(u) = -u**2 + 15*u + 21. What is the units digit of b(a)?
1
Let w be -27 + (-2*1 - (5 + -8)). Let b = w + 138. What is the tens digit of b?
1
Let m(q) = 2 + 7 - 6 + 1 + q. Suppose 2 = 3*j - 4. What is the units digit of m(j)?
6
Suppose -3*a = -3*i + 6, -2*i - 4*a = a + 10. What is the units digit of -4 - (4 + i + -29)?
1
Suppose -4*f - 4*v = 1052, 4*f + 621 = -v - 434. Let i = -114 - f. What is the tens digit of i?
5
Let b = 7 + -6. Let x be (9/(-6))/(b/(-6)). What is the tens digit of (x - -30) + (0 - 4)?
3
Let v = -35 - -32. What is the tens digit of (1/1 + 116/(-6))*v?
5
Let z(q) be the third derivative of -q**6/120 + 13*q**5/60 + 3*q**4/8 + q**3/2 - 23*q**2. What is the units digit of z(13)?
0
Suppose 5*b = -2*k + 725, 2*b + 5*k = 4*b - 290. What is the units digit of b?
5
Let n = 781 + 877. What is the units digit of n?
8
Let w be (56/(-3))/4*-54. What is the units digit of ((-2)/(-7))/(9/w)?
8
Suppose 31*j = 29*j + 6. What is the tens digit of (-48 - -4)*j/(-2)?
6
Suppose -9*i = -21*i - 132. Let t(n) = n**3 + 12*n**2 - 6*n + 18. What is the units digit of t(i)?
5
Let u(n) be the third derivative of n**5/30 + n**4/24 - 7*n**3/3 - 11*n**2. What is the units digit of u(-6)?
2
Suppose -11*a + 9989 = -4*a. What is the thousands digit of a?
1
What is the hundreds digit of (5 + -6)*-107 - -10?
1
Let z(a) = a + 167. What is the tens digit of z(-29)?
3
Let w(l) = 114*l - 2. Let i be w(1). Suppose x + i = 5*x. What is the tens digit of x?
2
Suppose 5*c = -5*d + 9010, -2319 = -4*d + 5*c + 4862. What is the units digit of d?
9
Let w = 2377 + -874. What is the units digit of w?
3
Let i be 2 - 3*4/(-12). Let j(t) = 2*t**3 - 11*t**2 - t - 3. Let m(n) = n**3 - 7*n**2 - n - 2. Let l(w) = 5*j(w) - 8*m(w). What is the tens digit of l(i)?
7
Let v(d) be the second derivative of -6*d - 1/6*d**3 - 1/12*d**4 + 0 - 73/20*d**5 - 1/2*d**2. What is the tens digit of v(-1)?
7
Let w(c) = -c**3 - c**2 + 2*c + 4. Let j = 14 - 14. Let o be w(j). Suppose o*d - 2*d = 90. What is the tens digit of d?
4
Suppose 4*k = -2*i + 3*k + 1417, 0 = 5*i + 5*k - 3540. What is the tens digit of i?
0
Let b = 69 + -40. Let g = 1 + b. What is the tens digit of g?
3
Let a(i) = -i**2 - 19*i + 5. Let o be a(-19). Suppose -o*j + 201 = -0*d + 4*d, -85 = -2*j + 3*d. Let p = -31 + j. What is the tens digit of p?
1
Suppose 0 = 5*y - 5*a - 10, 7*y - 2*y - 4*a = 6. Let u(g) = -10*g - 5. Let l be u(y). Let o(x) = 4*x - 17. What is the units digit of o(l)?
3
Suppose -134 = -5*i - 2*v, -3*i - 4*v + 138 = 52. What is the tens digit of i?
2
Let p(w) = 3*w**2 - 14*w - 28. What is the units digit of p(-8)?
6
What is the units digit of (-36)/24*(-1 - 18471/9)?
0
Suppose 49 = 7*i + 35. Suppose -720 = -4*n - 4*m, -4*m + 186 = i*n - n. What is the tens digit of n?
7
Suppose -2*v - 4 = -2*k + 4, 4*v = 0. Suppose 5*m = g - 3*g + 830, k*m = 3*g + 641. Suppose 0 = -0*u + 4*u - m. What is the units digit of u?
1
What is the tens digit of (2 - ((-1932)/5 - -6))*5?
1
Let p(i) = 5*i - 3. Let k be p(3). Suppose -2*z = -4*x - k, -6*x = -4*x + 2. What is the units digit of z?
4
Let a = -20 - -34. Let u be (a/3)/(2/(-6)). Let v = u + 28. What is the units digit of v?
4
Suppose 13*b - 3*b = 2950. What is the hundreds digit of b?
2
Let g = 0 - -3. Suppose 3*b + 15 = g*o, 0*b - 21 = -4*o + 5*b. Suppose -o*h + 77 = -39. What is the tens digit of h?
2
What is the tens digit of 2844/18 + 3 + -1?
6
Suppose x = -3*p + 433, p = 5*p - 3*x - 560. Suppose -3*u - p = -3*v - 410, 0 = -u + 3*v + 97. What is the units digit of u?
5
Suppose 3*k = 3*z + 9, 0 = -2*k - 3*z - 2*z - 29. Let d(c) = -9*c + 1. Let m be d(k). Suppose -89 - m = -3*g. What is the tens digit of g?
3
Let o(u) = -22*u + 7. Let x(m) = -33*m + 11. Let w(a) = 7*o(a) - 5*x(a). What is the units digit of w(5)?
9
What is the hundreds digit of ((-3269)/7 + -3)*-1?
4
Let n = -262 + 568. Suppose -11*b + 17*b = n. What is the units digit of b?
1
Let i be 24/6 + (3 - 1). Let u(z) = z**2 - 5*z - 7. Let j be u(i). Let p(a) = -16*a - 1. What is the tens digit of p(j)?
1
What is the tens digit of ((-2)/(1 - -3))/(14/(-10136))?
6
Let x(c) = 10*c - 2 + 5 + 3*c + 2. Let j be x(3). Let b = j + -1. What is the tens digit of b?
4
Let h = -5841 + 8869. What is the hundreds digit of h?
0
Let m(z) = -29*z - 12. What is the units digit of m(-6)?
2
Let w(u) = -u**2 + 8*u + 11. Let f be w(9). Suppose f*z = z + 47. Suppose z = -5*v + 272. What is the units digit of v?
5
What is the thousands digit of -4*2/(-16)*(-109742)/(-37)?
1
Let l(j) = -j**3 - 5*j**2 - 2*j - 3. Let z(n) = n**2 + 5*n + 1. Let r be z(-4). Let m = r + -2. What is the units digit of l(m)?
7
Let q(j) = 383*j**2 + 15*j + 35. What is the units digit of q(-2)?
7
Suppose 12*w - 1808 = -512. What is the tens digit of w?
0
Let p(l) be the second derivative of 1/2*l**2 + 0 + 1/6*l**4 + 1/6*l**3 + 5*l. What is the units digit of p(-1)?
2
Suppose 2*l = -3*l - 60. Let x(v) = -v**2 - 7*v + 6. Let y be x(l). What is the units digit of (6 + y)*2/(-4)?
4
Let h(f) = 11*f**2 + 27*f + 80. What is the tens digit of h(14)?
1
Let n(v) = -v**2 - 6*v + 5. Let s = -5 + 0. Let h be n(s). What is the units digit of 2/h + (-216)/(-20)?
1
Suppose 14 = 4*v + 2. Suppose -5*h = 3*z - 57, 5*h - 3 = 6*h - v*z. What is the units digit of h?
9
Let c = -2141 + 7945. What is the units digit of c?
4
Suppose -2*r + 2*n = -2*n + 36, -4*r + 4*n - 72 = 0. What is the units digit of (-5)/7*-1 + r/(-63)?
1
Let f = 181 - -153. What is the hundreds digit of f?
3
Suppose -16 = 8*l - 12*l. Let p = 12 - l. Suppose 3 - 5 = -5*b - 4*o, -5*b - o + p = 0. What is the units digit of b?
2
Let j = 149 + -156. Let q = 91 + j. What is the tens digit of q?
8
Suppose -w = 3*m + 3 - 9, -3*m + w = -12. Suppose 4*c = m*d - 227, 5*c = -5 - 5. What is the units digit of d?
3
Let d = -378 - -733. What is the hundreds digit of d?
3
Suppose 5*l + 2*d - 58 = 0, -2*l + 3*l = 4*d + 16. Let s(u) be the third derivative of u**4/12 + u**3 + 338*u**2. What is the units digit of s(l)?
0
What is the hundreds digit of (-42)/(-18) - 7/(21/(-4625))?
5
What is the tens digit of ((-5618)/6)/(20/(-60))?
0
Suppose -26*k = -30*k - 2*v + 10846, 0 = -4*v + 20. What is the units digit of k?
9
Suppose -11*t - 7 = 4. What is the units digit of (t*(-18)/10)/(1/25)?
5
Let j = -400 + 676. What is the tens digit of j?
7
Suppose 2*m = -2*m. Let c = -9 - m. What is the units digit of -1 - ((c - -3) + -2)?
7
Let l(b) = b + 16. Let x(r) = -r - 31. Let q(g) = -5*l(g) - 3*x(g). What is the units digit of q(4)?
5
What is the units digit of (-12)/27 + (-15191)/(-99)?
3
Let c(l) = 480*l**3 - 2*l**2 + 6*l - 1. What is the units digit of c(2)?
3
Let c(k) = -k**3 - 6*k**2 - 3*k + 1. Let j be c(-5). Let t be ((-156)/65)/((-4)/30). What is the units digit of j/t + 26/4?
6
Let u(a) = -3*a - 6. Let w be u(-2). Suppose w = 9*g - 5*g - 200. Suppose 0 = 4*p + 20, -2*z + p + 155 - g = 0. What is the tens digit of z?
5
Suppose 4*s + 6*w - 2*w - 96 = 0, 2*w - 8 = 0. Suppose -s*n + 18*n = -10. Suppose -205 = -n*b - 15. What is the tens digit of b?
3
Let i be -1 + (11*-1 - 0). Let w be -2 + (0 - (1 - 0))*2. What is the tens digit of 3/i - 77/w?
1
Let z = 240 - -9. What is the hundreds digit of z?
2
Let n be (3 - -5)/((-4)/(-6)). Suppose x + m = n, x - 14 = -6*m + 4*m. Let g = 6 + x. What is the tens digit of g?
1
Let h = 2395 + -616. What is the thousands digit of h?
1
Let t be 0*(6/(-4) - -1). Suppose 7 + 15 = 11*f. Suppose 3*y + f*y - 125 = t. What is the units digit of y?
5
What is the units digit of ((-602)/5)/(57/(-285))?
2
Suppose 0*k = 6*k - 720. Suppose 7*c + c = k. What is the units digit of c?
5
Let q = 71 + -51. Suppose 3*n - 2*c = q, -5*n + 2*c = -20 - 12. What is the units digit of n?
6
Suppose -9 = -y + 26. Let m = 74 - y. What is the tens digit of m?
3
Suppose 3*z + 3*l = 498, 13*z - 17*z + 688 = -2*l. What is the hundreds digit of z?
1
Suppose -4*l = -3*u + 394, 2*